= z*f - 14. Let y = f + -2. What is the remainder when 9 is divided by y?
4
Suppose -2*l + 5*f + 13 = -44, -3*f - 63 = -2*l. Suppose l = 4*a - 52. Let y = 1 + 64. What is the remainder when y is divided by a?
21
What is the remainder when 212 is divided by 378/10 + 2/10?
22
Suppose 0 = 5*f - 2*u - 1 + 23, -5*f + 5*u - 10 = 0. Let b = 12 + f. Let z = 24 - 1. What is the remainder when z is divided by b?
5
Suppose -3*t + 23 = 2*i - 21, -3*i + 12 = 0. Calculate the remainder when 165 is divided by t.
9
Let r = -388 - -461. What is the remainder when r is divided by (-2)/(4/38)*-1?
16
Let u(i) = -i**3 - 2*i**2 + 14*i - 5. Let d be u(-6). Suppose -7*r + 2*r + 60 = 0. Suppose r*z - d = 7*z. What is the remainder when 31 is divided by z?
9
Let x(w) = -w**2 - 3*w + 5. Let k be x(4). Let q = k + 39. Let r(h) = -h**3 - 5*h**2 - 5*h + 2. Calculate the remainder when q is divided by r(-4).
4
Suppose -3*r - 63 = -4*r. Let k = -559 + 881. Suppose -5*v = -k - r. What is the remainder when v is divided by 20?
17
Let f = 11 + -19. Let c(g) = g**3 + 9*g**2 + 9*g + 19. Calculate the remainder when 63 is divided by c(f).
8
Suppose q - 126 = 8*q. Let p = 62 + q. Calculate the remainder when p is divided by 16.
12
Suppose 8*a = -11*a + 779. Calculate the remainder when a is divided by 14.
13
What is the remainder when (211 + 24)*(-1)/(-5) is divided by 27?
20
Suppose -20*b + 40 = -200. Suppose 5*a - 100 = -3*m, -30 = 5*m - 5. What is the remainder when a is divided by b?
11
What is the remainder when 86 is divided by (-20*(-28)/(-490))/((-1)/7)?
6
Suppose -4 + 6 = d. Suppose -4*n + d*z = 5*z - 179, 0 = n + 2*z - 41. What is the remainder when n is divided by (-76)/(-6) + (-4)/6?
11
Suppose 2*g + 5 = 27. Suppose 34 = g*z - 21. Let p = 9 + 0. Calculate the remainder when p is divided by z.
4
Suppose -4*c = 1 - 17. Suppose -w = -c - 12. Calculate the remainder when 63/2 + (-1)/2 is divided by w.
15
Suppose -4*s + 1530 = 386. Let x = -427 + 475. Calculate the remainder when s is divided by x.
46
Suppose -29*t + 1253 + 226 = 0. What is the remainder when 864 is divided by t?
48
Let a(v) = v**3 - 22*v**2 - 48*v - 11. What is the remainder when a(25) is divided by 35?
34
Suppose -6*j + 3*j = 0. Suppose -4*c + 3*c - 22 = j. Let m = c + 51. What is the remainder when 57 is divided by m?
28
Suppose z = -4*a - 1 + 2, 3 = -z. Suppose m + 2 = n, -4*n - 11*m + 13*m = -14. Calculate the remainder when n is divided by a.
0
Let o(a) = -a + 13. Let z = 59 + -63. Calculate the remainder when z/(-104)*4 + 557/13 is divided by o(-10).
20
Let t be 2*3*(-4 - 1). Let g = t - -42. What is the remainder when 35 is divided by g?
11
Let f(p) = 4*p**2 + 8*p - 72. Calculate the remainder when f(5) is divided by 35.
33
Let r be 1 - 1*(-1 + -2). Suppose -f - 50 = r*f. Calculate the remainder when (-2)/(f/175) - -1 is divided by 19.
17
Suppose -558 = -258*c + 255*c. What is the remainder when c is divided by 49?
39
Let n be (222/(-10))/((-18)/90). Let k = -106 + n. Calculate the remainder when 15 + (-1 - -3)/(-2) is divided by k.
4
Let x(r) = 90*r**2 + 3*r - 1. Suppose -5*f + 105 = -50. What is the remainder when x(1) is divided by f?
30
Suppose -7*h - 6*h = -247. What is the remainder when 30 is divided by h?
11
Suppose 3*n + 152 = 4*m, 2*m + 4*n + n = 102. Calculate the remainder when 27/2*(7 - 1) is divided by m.
40
Let x(r) = r**3 - 8*r**2 + r - 4. Let m be x(8). Suppose m*f - 62 = 2. Let a(q) = 2*q**2 + 7*q + 1. Calculate the remainder when a(-6) is divided by f.
15
Suppose p + 3*o = o, 22 = 4*p - 3*o. Suppose -a - 297 = -p*a. Suppose -2*g - 2*x = 3*x - a, -g + 3*x = -77. What is the remainder when g is divided by 21?
20
Suppose -37 = -2*l + 15. Let m(i) be the third derivative of -i**6/120 - i**5/12 + 7*i**3/6 - 7*i**2. Calculate the remainder when l is divided by m(-5).
5
Suppose -4*w - 180 = w. Let q = 8 - w. Calculate the remainder when q is divided by ((-9)/9)/(1/(-23)).
21
Suppose 17 + 13 = v + 3*o, 2*v + 3*o = 60. Suppose 5*w - 102 + 26 = g, -3*g - 36 = -3*w. What is the remainder when v is divided by w?
14
Suppose 0 = 5*w + 4*k + 21, -w + 8 = -2*k + 1. Let g = w + -9. Let f = g - -17. What is the remainder when 25 is divided by f?
4
Suppose 7*l = -12*l + 646. What is the remainder when l is divided by 5?
4
Let s(a) = a**2 - 3*a - 1. Let g be s(4). Suppose -g*w + w + 26 = 0. Calculate the remainder when (-2 - 44)*-1 + 56/(-7) is divided by w.
12
Let t(g) = g**2 + 19*g + 2. What is the remainder when t(3) is divided by 28?
12
Let y(r) = -4*r**2 - 36*r - 6. Let n be y(-10). Let h = 95 + n. What is the remainder when 146 is divided by h?
48
Let y = -305 + 318. Calculate the remainder when 33 is divided by y.
7
Let b = -733 + 1412. Suppose -k + b = 6*k. What is the remainder when k is divided by 33?
31
Let z(n) = 14*n + 174. Let m be z(-12). Suppose 0 = -3*l - 3*w - 69, -4*w = 5*l - 7*w + 99. What is the remainder when m/(-4)*574/l is divided by 15?
11
Let j(r) = 49*r - 5. Let o be j(3). Suppose -5*x - 4*s - s + 155 = 0, -4*x + o = -5*s. Calculate the remainder when x is divided by 6.
3
Suppose -4*p - 659 + 2604 = -a, 1936 = 4*p - 4*a. Calculate the remainder when p is divided by 82.
77
Let h(t) = -2*t - 6. Let c be h(-5). Suppose 3 = -c*m - 5, 0 = 2*x - 3*m - 76. What is the remainder when x is divided by 12?
11
What is the remainder when 99 is divided by (10 + 5)*-3*(-8)/20?
9
Let w = 21 - 13. Let s be 3 + (-5)/1 + w. Let a = s - 2. Calculate the remainder when 14 is divided by a.
2
Suppose 6 = 2*w - 0. Suppose -4*k - 7 = 5*m - 86, -5*k - w*m = -115. Calculate the remainder when (-310)/(-3) - 1/3 is divided by k.
25
Let l = 0 - -113. What is the remainder when (-2 - l)*(-8)/20 is divided by 12?
10
Let s(u) = 6*u - 223. What is the remainder when s(39) is divided by 4?
3
Let a = -288 - -400. Calculate the remainder when 218 is divided by a.
106
Suppose 2*g = -2*g + 40. Let w(c) be the second derivative of -c**3/6 + 7*c**2 + 3*c. Calculate the remainder when 17 is divided by w(g).
1
Suppose -50*a + 75 = -47*a. Calculate the remainder when 472 is divided by a.
22
Suppose 4*b - 280 = 3*f + 26, 4*b = -f + 314. Let w(d) = -118*d + 4854. Calculate the remainder when b is divided by w(41).
14
Let s = -32 - -34. Suppose 5*o - x = 41, 0*o = -s*o + x + 17. Suppose f - 260 = -5*i - 103, o = 4*f. Calculate the remainder when i is divided by 16.
15
What is the remainder when ((-1)/3*-2)/(78/21645) is divided by 94?
91
Let b(l) = l**2 - 6*l - 97. What is the remainder when b(18) is divided by 31?
26
Let b be 60/24*(3 - 1). Suppose u - 4*n - 1 = -2*u, u - b*n = -7. Suppose 40 = -w + u*w. Calculate the remainder when 59 is divided by w.
19
Suppose -129 = -5*g + 121. Let y = 6 - 3. Suppose g = y*d - d. Calculate the remainder when d is divided by 13.
12
Suppose -4*n + 14*a = 10*a - 32, 0 = 5*n - a - 44. What is the remainder when 186 is divided by n?
6
Suppose 0 = -2*l - l + 117. Calculate the remainder when l is divided by 5.
4
Let v(o) = -o**3 - 83*o**2 - 161*o + 116. Calculate the remainder when 142 is divided by v(-81).
2
Suppose 0 = -5*g - 2*k + 19, -4*g - 4*k - 1 = -7*g. Suppose 0 = -2*q + 2*w - 2, -g*w - 2*w = -10. What is the remainder when 5 is divided by q?
0
Suppose 7*x = 2203 + 933. Calculate the remainder when x is divided by 11.
8
Calculate the remainder when 20 is divided by (-4)/8 - (-33)/6 - -1.
2
Let w = -33 + 36. Suppose -4*l = -4*m - w*l + 31, 0 = -m - 5*l - 8. Let j(p) = p - 3. What is the remainder when j(m) is divided by 2?
0
Let t(h) = -375*h + 255. Let y(l) = 22*l - 15. Let u(b) = 2*t(b) + 35*y(b). What is the remainder when u(3) is divided by 23?
22
Suppose 199 = -5*v - 246. Let z = v - -97. Calculate the remainder when 86 is divided by z.
6
Suppose 5*f - 38 = -13, -4*h + 26 = 2*f. Calculate the remainder when 96 is divided by -66*h/(8/(-1)).
30
Let b(n) = n**3 - n**2 - n + 20. What is the remainder when 136 is divided by b(3)?
31
Calculate the remainder when ((-225)/2)/(81/(-108)) is divided by 17.
14
Let w = 737 - 389. Calculate the remainder when w is divided by 44.
40
Suppose 0 = -9*l - 5*l - 1526. Let a = -97 - l. What is the remainder when a is divided by 11?
1
Suppose 0 = -4*n + n. Let k(c) = 4 + c + n*c - 2 - 3. Calculate the remainder when 13 is divided by k(6).
3
L